{"id":99,"date":"2013-08-09T11:18:17","date_gmt":"2013-08-09T09:18:17","guid":{"rendered":"http:\/\/farbenengel.de\/?page_id=99"},"modified":"2025-03-06T21:36:56","modified_gmt":"2025-03-06T20:36:56","slug":"ueber-mich","status":"publish","type":"page","link":"https:\/\/farbenengel.de\/index.php\/ueber-mich\/","title":{"rendered":"\u00dcber mich"},"content":{"rendered":"<p style=\"text-align: left;\" align=\"center\"><a href=\"http:\/\/farbenengel.de\/wp-content\/uploads\/2013\/08\/Kuenstlerin00019.jpg\"><img loading=\"lazy\" decoding=\"async\" class=\"alignright size-medium wp-image-100\" src=\"http:\/\/farbenengel.de\/wp-content\/uploads\/2013\/08\/Kuenstlerin00019-300x187.jpg\" alt=\"K\u00fcnstlerin Regina Wessel\" width=\"300\" height=\"187\" \/><\/a>Die Hamburger Malerin Regina Wessel-Wydra ist seit 2009 als freischaffende K\u00fcnstlerin hauptberuflich t\u00e4tig.<\/p>\n<p style=\"text-align: left;\" align=\"center\">Durch ein Studium zur Dipl. Sozialwirtin an der Hochschule f\u00fcr Wirtschaft und Politik und einer 3-j\u00e4hrigen Ausbildung zur Musik- und Traumatherapeutin ist sie neben den k\u00fcnstlerischen Seiten auch in besonderer Weise mit psychologischen Aspekten der Farb- und Raumgestaltung vertraut.<\/p>\n<p style=\"text-align: left;\" align=\"center\">Mehrere Fortbildungen im Thalia-Theater zu verschiedenen Maltechniken wie Marmorieren etc. verbreitern Ihr k\u00fcnstlerisches Fundament.<\/p>\n<p style=\"text-align: left;\" align=\"center\">Die fundierte Ausbildung in der renommierten <a title=\"Akademie Benad\" href=\"http:\/\/www.benad.com\/\" target=\"_blank\" rel=\"noopener\">Akademie Benad<\/a> (Farbe mobil) zur Illusions- und Wandmalerin rundet ihre professionelle Basis ab.<\/p>\n<p style=\"text-align: left;\" align=\"center\"><em>&#8222;Durch meine langj\u00e4hrige T\u00e4tigkeit als Musik- und Traumatherapeutin in Pflegeheimen und Krankenh\u00e4user sind mir besonders dort die langen wei\u00dfen reizarmen Flure aufgefallen, daher habe ich mich entschlossen diesen etwas Farbe einzuhauchen um somit einen positiven Eindruck zu vermitteln.<\/em><\/p>\n<p style=\"text-align: left;\" align=\"center\"><em>Angefangen hat alles im Abschiedsraum des Kinderhospiz, dort habe ich einen gro\u00dfen, wundersch\u00f6nen Engel an die Wand gemalt, es folgten weitere R\u00e4ume und Flure in Pflegeheimen und Krankenh\u00e4usern.<\/em><\/p>\n<p style=\"text-align: left;\" align=\"center\"><em>Ich malte ebenfalls Illusionsbilder zur Orientierung auf Dementenstationen, Tastbilder und Jahreszeitenbilder.<\/em><\/p>\n<p style=\"text-align: left;\" align=\"center\"><em>Ich fertige Acrylbilder in Zusammenarbeit mit den Heimleitungen und dem Personal um insgesamt f\u00fcr Bewohner und Angestellte ein angenehmeres Klima zu verbreiten, durch z.B. Bilder mit Leuchtt\u00fcrmen, Hamburger Motiven, (kirchlichen) Mosaikbildern, etc.<\/em><\/p>\n<p style=\"text-align: left;\" align=\"center\"><em>Ich w\u00fcrde mich freuen, wenn ich auch Sie unverbindlich f\u00fcr eine Beratung besuchen darf.&#8220;<\/em><\/p>\n<p align=\"center\">Rufen Sie mich gerne an unter 040 \/ 58 91 63 41<br \/>\nMobil: 0157\/52615341<\/p>\n<p align=\"center\">Oder mailen Sie mich kurz an auf der <a title=\"Kontakt\" href=\"http:\/\/farbenengel.de\/?page_id=210\">Kontaktseite<\/a><\/p>\n","protected":false},"excerpt":{"rendered":"<p>Die Hamburger Malerin Regina Wessel-Wydra ist seit 2009 als freischaffende K\u00fcnstlerin hauptberuflich t\u00e4tig. Durch ein Studium zur Dipl. Sozialwirtin an der Hochschule f\u00fcr Wirtschaft und Politik und einer 3-j\u00e4hrigen Ausbildung zur Musik- und Traumatherapeutin ist sie neben den k\u00fcnstlerischen Seiten &hellip; <a href=\"https:\/\/farbenengel.de\/index.php\/ueber-mich\/\">Weiterlesen <span class=\"meta-nav\">&rarr;<\/span><\/a><\/p>\n","protected":false},"author":1,"featured_media":100,"parent":0,"menu_order":0,"comment_status":"closed","ping_status":"open","template":"sidebar-page.php","meta":{"footnotes":""},"class_list":["post-99","page","type-page","status-publish","has-post-thumbnail","hentry"],"_links":{"self":[{"href":"https:\/\/farbenengel.de\/index.php\/wp-json\/wp\/v2\/pages\/99","targetHints":{"allow":["GET"]}}],"collection":[{"href":"https:\/\/farbenengel.de\/index.php\/wp-json\/wp\/v2\/pages"}],"about":[{"href":"https:\/\/farbenengel.de\/index.php\/wp-json\/wp\/v2\/types\/page"}],"author":[{"embeddable":true,"href":"https:\/\/farbenengel.de\/index.php\/wp-json\/wp\/v2\/users\/1"}],"replies":[{"embeddable":true,"href":"https:\/\/farbenengel.de\/index.php\/wp-json\/wp\/v2\/comments?post=99"}],"version-history":[{"count":3,"href":"https:\/\/farbenengel.de\/index.php\/wp-json\/wp\/v2\/pages\/99\/revisions"}],"predecessor-version":[{"id":2039,"href":"https:\/\/farbenengel.de\/index.php\/wp-json\/wp\/v2\/pages\/99\/revisions\/2039"}],"wp:featuredmedia":[{"embeddable":true,"href":"https:\/\/farbenengel.de\/index.php\/wp-json\/"}],"wp:attachment":[{"href":"https:\/\/farbenengel.de\/index.php\/wp-json\/wp\/v2\/media?parent=99"}],"curies":[{"name":"wp","href":"https:\/\/api.w.org\/{rel}","templated":true}]}}